 = 56*l**3 + l**2 - 822*l - 824. Determine x(-1).
-57
Let j(g) = 667*g + 14692. Calculate j(-22).
18
Let c(z) = -354*z - 4952. What is c(-14)?
4
Let q(j) = j**2 + 547*j + 20743. Calculate q(-41).
-3
Let s(m) = -42*m - 1384. Give s(-34).
44
Let c(m) = -129*m**2 - 8771*m + 75. Give c(-68).
7
Let s(r) = -19*r**2 - 737*r + 156. Determine s(-39).
0
Let k(a) = a**2 - 18*a - 175. Give k(25).
0
Let h(n) = -n**3 + 13*n**2 + 29*n + 53. Determine h(15).
38
Let z(r) = 5*r**2 + 12*r - 258. Give z(-10).
122
Let t(b) = -4*b**2 + 35*b + 215. Give t(13).
-6
Let g(t) = 127*t**3 + 28*t**2 + 3*t - 1. Give g(1).
157
Let q(p) = -p**3 - 9*p**2 + 44*p + 13. Calculate q(-12).
-83
Let g(i) = -10*i**2 + 40*i + 203. What is g(6)?
83
Let u(b) = 7*b + 51. What is u(-9)?
-12
Let s(a) = 2*a**2 + 2*a - 45. Determine s(-12).
219
Let o(f) = -84*f + 4385. What is o(52)?
17
Let h(o) = o**3 + 43*o**2 + 29*o - 83. Calculate h(-42).
463
Let v(d) = -d**3 + 2*d**2 + 33*d + 18. Determine v(-5).
28
Let k(w) = -36*w**2 - 262*w - 262. Determine k(-1).
-36
Let b(m) = -35*m**2 + 911*m + 19. Give b(26).
45
Let s(h) = -8*h**2 + 199*h - 215. Give s(24).
-47
Let j(c) = -3*c**3 + 9*c**2 - 10*c + 44. Determine j(3).
14
Let w(r) = 4*r**2 + 21*r - 250. What is w(6)?
20
Let b(u) = -2*u**2 + 23*u + 221. Determine b(-6).
11
Let z(p) = 3*p**2 + 33*p + 10. Determine z(-2).
-44
Let x(h) = -h**2 + 16*h + 72. Give x(-5).
-33
Let j(i) = -74*i + 818. Determine j(11).
4
Let s(q) = q**3 + 56*q**2 + 54*q - 44. What is s(-55)?
11
Let a(y) = -y**3 + 46*y**2 + 771*y + 50. What is a(-13)?
-2
Let o(y) = y**2 - 134*y + 4347. Determine o(55).
2
Let y(r) = r**3 - 8*r**2 + 2*r - 16. Calculate y(8).
0
Let h(a) = -21*a - 461. Calculate h(-24).
43
Let l(o) = -196*o. Calculate l(0).
0
Let g(d) = 96*d - 1543. Determine g(16).
-7
Let s(l) = 3*l**3 - 104*l**2 - 32*l + 7. Give s(35).
112
Let l(o) = -2*o**3 + 310*o**2 - 616*o + 609. Determine l(153).
-3
Let i(l) = 2*l**3 - 32*l**2 - 120*l + 33. What is i(19)?
-81
Let z(k) = k - 49. Calculate z(14).
-35
Let m(c) = c**3 - 17*c**2 + 30*c - 194. Give m(16).
30
Let a(n) = -n**3 + 4*n**2 + 2*n + 55. Give a(0).
55
Let j(x) = -16*x + 663. Calculate j(38).
55
Let k(y) = y**3 + 27*y**2 - 248*y - 7115. Calculate k(-26).
9
Let j(m) = 2*m**2 - 138*m - 674. What is j(74)?
66
Let b(m) = -4*m**3 - 15*m**2 + 58*m + 185. Give b(-3).
-16
Let l(j) = 39*j**2 - 14*j + 9. What is l(2)?
137
Let c(q) = -q**3 + 4*q**2 + 6*q - 38. Determine c(4).
-14
Let n(b) = -251*b + 749. Give n(3).
-4
Let r(f) = 68*f - 50. What is r(7)?
426
Let i(t) = -86*t**2 - 517*t - 9. Calculate i(-6).
-3
Let k(l) = 21*l**3 + l**2 + 169*l + 166. What is k(-1)?
-23
Let m(d) = -d**2 - 52*d - 412. Calculate m(-8).
-60
Let l(g) = 20725*g - 20719. Calculate l(1).
6
Let w(y) = y**3 + 26*y**2 - 28*y - 14. Determine w(-27).
13
Let j(h) = h**3 + 38*h**2 + 70*h + 3. Determine j(-36).
75
Let h(r) = 9*r + 39. Calculate h(-15).
-96
Let t(h) = h**2 + 21*h - 16. Calculate t(-19).
-54
Let w(l) = -l**2 + 50*l + 2071. Give w(77).
-8
Let q(w) = -8*w**3 - 55*w**2 + 4*w - 2. Give q(-7).
19
Let s(c) = -21*c**2 + 426*c + 427. Give s(-1).
-20
Let g(m) = m**3 - 15*m**2 + 74*m - 113. Calculate g(6).
7
Let f(b) = 1387*b + 1382. Give f(-1).
-5
Let a(u) = u**3 + 2*u**2 - 275*u + 817. Give a(3).
37
Let v(c) = c**2 - 1793*c - 243845. Calculate v(-127).
-5
Let i(z) = 7*z**3 - z**2 + 15*z + 31. What is i(-2)?
-59
Let k(q) = q**3 + 96*q**2 - 570*q + 4276. Determine k(-102).
-8
Let l(c) = c**2 + 37*c - 303. Determine l(7).
5
Let a(c) = -106*c + 859. Determine a(8).
11
Let x(m) = m**3 - 85*m**2 - 258*m - 531. Calculate x(88).
-3
Let r(i) = -498*i + 3893. Calculate r(8).
-91
Let t(l) = l**3 + 94*l**2 - 208*l - 1349. Determine t(-96).
187
Let n(x) = 34*x + 7378. What is n(-217)?
0
Let r(j) = -104*j + 2704. Determine r(26).
0
Let s(j) = -3*j**2 - 57*j - 13. Give s(-17).
89
Let k(p) = -86*p - 550. Calculate k(-6).
-34
Let t(p) = -2*p**3 + 2*p**2 + 50*p + 31. Calculate t(-5).
81
Let j(d) = -3*d**3 + 75*d**2 - 5*d + 127. Determine j(25).
2
Let y(t) = -4893*t + 44046. Calculate y(9).
9
Let c(z) = -8786*z - 61501. Calculate c(-7).
1
Let a(l) = l**2 - 31*l - 94. Calculate a(34).
8
Let y(j) = 2*j**3 + 228*j**2 - 19038*j - 111. Determine y(56).
1
Let q(u) = -639*u + 4469. Determine q(7).
-4
Let d(u) = u**3 - 14*u**2 + 50*u - 43. Calculate d(9).
2
Let p(n) = -2*n**2 - 218*n - 2231. Give p(-98).
-75
Let g(w) = -2*w**2 - 11*w + 528. Give g(-19).
15
Let o(t) = t**3 - 5*t**2 + 15*t - 91. What is o(6)?
35
Let t(m) = 383*m**2 + 1136*m - 38. Calculate t(-3).
1
Let i(s) = -s**3 + 26*s**2 - 140*s - 37. Calculate i(8).
-5
Let f(j) = -2*j**2 + 23*j + 459. What is f(22)?
-3
Let u(t) = -20*t**2 - 4419*t + 230. Calculate u(-221).
9
Let m(u) = -u**3 + 10*u**2 - 425*u + 4799. Determine m(11).
3
Let p(o) = o**3 - 2*o**2 - 136*o + 515. Determine p(4).
3
Let o(a) = 146*a + 124. Give o(-2).
-168
Let i(w) = 7*w**3 + 73*w**2 + 4*w + 6. Give i(-10).
266
Let u(f) = -f**3 + f**2 - 3*f + 489. Determine u(0).
489
Let g(h) = -47*h**2 - 417*h + 14. Give g(-8).
342
Let p(n) = -n**3 + 15*n**2 - 32*n + 79. Calculate p(13).
1
Let q(z) = 117*z + 1180. What is q(-9)?
127
Let u(l) = -l**3 - 28*l**2 - 4*l - 85. Give u(-28).
27
Let d(y) = -y**2 - 7*y + 57. Give d(-12).
-3
Let m(l) = l**2 - 1930*l - 86855. Determine m(-44).
1
Let y(k) = -k**3 + 134*k**2 - 4479*k - 64. Give y(64).
0
Let g(u) = -u**2 - 362*u + 8443. Give g(22).
-5
Let c(f) = -f**2 + 22*f + 84. Determine c(13).
201
Let m(v) = 29697*v + 178189. Give m(-6).
7
Let h(n) = 7*n**2 - 98*n - 1224. What is h(22)?
8
Let u(f) = -2*f**2 - 287*f - 570. Calculate u(-2).
-4
Let t(x) = 825*x - 825. Give t(1).
0
Let v(t) = 59*t - 2175. Give v(36).
-51
Let r(v) = -5*v**3 - v**2 - v - 1. What is r(3)?
-148
Let g(u) = 20*u**2 + 564*u + 1600. Determine g(-25).
0
Let d(z) = 2*z**2 - 11*z + 3. Give d(11).
124
Let b(v) = -75*v + 2544. What is b(36)?
-156
Let p(w) = -5*w**2 - 179*w + 203. Determine p(-37).
-19
Let l(o) = 27*o + 1071. What is l(-40)?
-9
Let r(f) = 2*f**3 + 18*f**2 - 214*f - 1938. Give r(-9).
-12
Let m(f) = -56*f - 176. Give m(-6).
160
Let h(p) = 19*p - 66. Determine h(6).
48
Let z(u) = 13*u**2 + 105*u + 166. Give z(-4).
-46
Let k(x) = -13*x - 35. What is k(-3)?
4
Let o(b) = 483*b + 8207. Calculate o(-17).
-4
Let h(o) = -o**2 + 40*o - 321. What is h(26)?
43
Let n(q) = -12*q**2 + 71*q - 99. Give n(3).
6
Let p(q) = 3*q**3 + 52*q**2 - 35*q + 28. What is p(-18)?
10
Let n(m) = -m**2 + 239*m + 1756. What is n(-7)?
34
Let l(n) = 50*n**2 - 9*n - 9. Determine l(-1).
50
Let r(y) = 31*y - 3248. Give r(106).
38
Let r(l) = 2*l**3 - 23*l**2 + 9*l - 36. What is r(11)?
-58
Let x(a) = a**3 - 4*a**2 + 19*a - 158. Calculate x(5).
-38
Let c(d) = 2*d**3 - 371*d**2 + 558*d - 1083. Determine c(184).
21
Let l(z) = -z**3 + 23*z**2 - 2*z - 506. What is l(21)?
334
Let v(t) = -71*t + 132. Calculate v(2).
-10
Let y(w) = -w**3 - 93*w**2 + 94*w + 52. Calculate y(-94).
52
Let v(p) = 74*p - 1257. Calculate v(16).
-73
Let r(b) = 7*b**3 + 145*b**2 - 38*b + 29. Calculate r(-21).
-55
Let q(v) = v**3 - 58*v**2 + 587*v - 86. Calculate q(45).
4
Let l(o) = -7*o**3 + 203*o**2 + 2*o - 51. Determine l(29).
7
Let l(k) = 3*k**3 - 3*k**2 - 17*k - 82. Give l(-4).
-254
Let i(t) = t**3 + 11*t**2 + 10*t + 37. Determine i(-12).
-227
Let v(y) = 2*y**3 - 26*y**2 - 66*y - 88. Determine v(15).
-178
Let f(w) = -395*w**3 - 3*w**2 - 71*w + 73. Determine f(1).
-396
Let b(v) = 8*v - 1300. Give b(55).
-860
Let g(a) = 331*a - 95328. Calculate g(288).
0
Let d(a) = -4*a**2 - 26*a - 92. Give d(-4).
-52
Let j(q) = -q**3 + 17*q**2 + 5*q - 774. What is j(12)?
6
Let a(i) = -914*i - 1821. Give a(-2).
7
Let h(a) = -2*a + 46. Calculate h(33).
-20
Let l(x) = 34*x**2 - 348*x + 81. What is l(10)?
1
Let x(q) = 79*q + 615. Calculate x(-8).
-17
Let j(h) = 3*h**2 + 45*h - 871. Give j(-27).
101
Let k(o) = o**3 - 19*o**2 - 58*o - 172. Determine k(22).
4
Let z(d) = -2*d**2 - 56*d - 739. What is z(-18)?
-379
Let i(o) = 4*o**2 + 5*o + 25. Determine i(-9).
304
Let f(j) = -23*j - 1204. What is f(-52)?
-8
Let k(d) = d**2 + 6*d + 6. What is k(-12)?
78
Let o(m) = -m**3 + 4*m**2 + 62*m - 12. Determine o(10).
8
Let a(w) = -2*w**3 + 11*w**2 + 4*w - 57. Give a(4).
7
Let i(l) = -100*l + 1134. What is i(11)?
34
Let i(u) = 109*u - 1625. Determine i(15)